 Let s = i + 251. What is the remainder when s is divided by h(0)?
32
Let s = 17 - 10. Suppose -5*m - 106 = -c, -176 = -2*c - 6*m + s*m. What is the remainder when c is divided by 1144/40 - 2/(-5)?
28
Suppose 86 = 4*v - 26. Let n = -23 + v. Suppose -2*o + 47 + 0 = -3*g, -155 = -5*o - n*g. What is the remainder when 79 is divided by o?
23
Let m(v) = v**2 - 5*v - 3. Let q = -130 - -128. Let t(y) = 7*y + 27. Calculate the remainder when t(q) is divided by m(6).
1
Let w = -42 + 51. Let c(l) = -15*l + 3*l - 3 - 28*l - 19. Calculate the remainder when c(-3) is divided by w.
8
Calculate the remainder when ((13 - 14) + 0)*-103 is divided by 48.
7
Suppose 353 = 161*c - 5835 - 7658. Let j be 2/5 + (-4)/10. Suppose -2*g = f - 20, -5*g - f + 33 + 20 = j. Calculate the remainder when c is divided by g.
9
Let f(d) = 131*d**3 - 3*d**2 - 2*d + 5. What is the remainder when 233 is divided by f(1)?
102
Calculate the remainder when -1990*(-14)/(-42)*(-45)/25 is divided by 118.
14
Let o(u) = u - 3. Let x be o(8). Let n(t) = -2*t**3 - 39*t**2 - 18*t + 29. Calculate the remainder when 3/x - 328/(-20) is divided by n(-19).
7
Let y(m) = -m**2 - 62*m + 982. Let n(t) = -4 + 1 + 2*t + 3 + t**2 - 4. What is the remainder when n(-7) is divided by y(-75)?
3
Suppose -94*p - 2873 + 11615 = 0. Calculate the remainder when 293 is divided by p.
14
Suppose 5*l = -87 + 77. Calculate the remainder when (-6)/((l/8)/((-27)/(-24))) is divided by 18.
9
Suppose 3*s + 11 = 4*v, 0*s = -v + 3*s + 5. Suppose 72 = v*j + 6*j. Let g = -149 + 166. What is the remainder when g is divided by j?
8
Suppose 3*r = -4*f + 44, -5*r - 4*f + 41 = -27. Suppose 0 = -h + 76 - 8. Calculate the remainder when h is divided by r.
8
Suppose 4*n = t + 9 - 57, 3*t = n + 111. Calculate the remainder when 38 is divided by t.
2
Let b = 2512 - 2508. Let v(j) = j**2 - j - 4. Let z be v(0). Let o(f) = 2*f**2 + 5*f + 5. What is the remainder when o(z) is divided by b?
1
Suppose 0 = -3*d - 2 + 14. Suppose n = 3*x - 3*n - 458, 4*x + 3*n - 619 = 0. Calculate the remainder when x is divided by (70/(-15) - d)/(4/(-18)).
37
Let c(p) be the first derivative of -12*p**2 + 140*p - 53. Calculate the remainder when 60 is divided by c(5).
0
Suppose 1427 = 11*c - 4*u, 3*u - 29 = -35. What is the remainder when 1927 is divided by c?
121
Let k = -839 - -841. What is the remainder when 83 is divided by (56/40 - k)*-20?
11
Let d = -495 + 904. Suppose -117 = 2*o - d. Calculate the remainder when o is divided by 15.
11
Let m(h) = 3*h**2 - 16*h + 7. Let u be m(5). Suppose 0 = u*n - 25 + 11. What is the remainder when 6/(-4)*2*-6 is divided by n?
4
Suppose -j - 178 = -3*v - 2*j, 4 = j. Suppose 95 = 8*s - 1. Calculate the remainder when (-1)/(0 - 1) + v is divided by s.
11
Suppose -2*q + 187 = 2*y + 67, -q + 72 = -5*y. Suppose -5*m = 4*v - 142 + 54, -66 = -3*v - 2*m. What is the remainder when q is divided by v?
18
Let w(b) = b**3 - 21*b**2 - 15*b + 118. Let p be w(21). Let g = p + 216. What is the remainder when 75 is divided by g?
18
Suppose 0 = 2*d - 38 - 22. Suppose 0*m = m + 1. Calculate the remainder when d is divided by m/(-2)*(3 - -29).
14
Let d = 67 + -65. Suppose -5*u - 2*q - d*q + 40 = 0, 0 = 4*q + 20. Suppose u*x = 14*x - 410. What is the remainder when x is divided by 26?
23
Suppose 16886 + 11690 = 4*i. What is the remainder when i is divided by 9?
7
Let b(a) = -128*a**3 + a**2 + 3*a. Suppose 7 = 5*l - 13. What is the remainder when b(-1) is divided by l?
2
Let m(p) = -37*p**3 + 12*p**2 + 13*p. Calculate the remainder when 245 is divided by m(-1).
29
Suppose f + 2*f = -0*f + 4524. What is the remainder when f is divided by 376?
4
Suppose 3*b + 5*w - 342 = 0, -20*w = 2*b - 17*w - 228. What is the remainder when 21314 is divided by b?
110
Suppose -85*n + 88*n + 68 = 5*j, -j + 4*n = -17. What is the remainder when (-72 + 2)*(-1)/2 is divided by j?
9
Suppose -7*j + 6*j = -36. Let f = -22 + j. What is the remainder when f is divided by 12?
2
Let b = -81 + 86. Suppose 2*r - 3*r = 4*m - 308, -3*m = -b*r - 231. What is the remainder when m is divided by 26?
25
Suppose 0 = 4*f + 8*w - 13*w - 539, 2*w + 137 = f. What is the remainder when 4977 is divided by f?
130
Let z = 177 - 198. Let c = 22 - z. Suppose -2*y + 20 = 2*n + n, 2*y + 4*n - 18 = 0. What is the remainder when c is divided by y?
4
Let u = 875 + -868. What is the remainder when (6312/(-51))/(-2) - 16/(-136) is divided by u?
6
Let b(o) = -6*o**2 - 117*o - 113. Calculate the remainder when 291 is divided by b(-17).
7
Suppose -44*h + 48*h - 676 = 0. Let p(a) = -a**2 + 5. Let c(q) = -q**2 + q - 1. Let s(g) = -3*c(g) - p(g). What is the remainder when h is divided by s(-3)?
40
Let o = 3610 + -3604. Calculate the remainder when 861 is divided by o.
3
Let u(f) = -38*f**2 - 5*f + 7. Let r be u(2). Let c = r - -256. Let o = c - 78. What is the remainder when o is divided by 2?
1
Suppose -843*c - 14803 = -974*c. Calculate the remainder when 355 is divided by c.
16
Let d(u) = u**3 + 1. Suppose 3*h - 82 = -5*c, -c - 4*h - h = -34. What is the remainder when d(1) is divided by c/21*(-9)/(-3)?
0
Let f = 111 + -109. Suppose -7*o = -14*o + 126. What is the remainder when (-28 + 26)/(((-8)/94)/f) is divided by o?
11
Let i = -139 - -115. Calculate the remainder when 115 is divided by (i/(-10))/(((-24)/(-20))/3).
1
Let v = -43 - -83. Calculate the remainder when 24/(1 - 56/72) is divided by v.
28
Let s(b) = 240*b**2 - b - 116*b**2 - b**3 - 6*b - 3 - 108*b**2. What is the remainder when s(10) is divided by 23?
21
Suppose 0 = -4*a + 29 + 123. Let d(f) = -15*f**2 - 195*f + 14. What is the remainder when a is divided by d(-13)?
10
Let a = 82 + -76. Suppose 114 = a*l + 66. Let j = 2 + 1. What is the remainder when l is divided by j?
2
Suppose 3*n + 5*j - 52 = 0, -2*n - 13*j - 7 = -18*j. Let r = -39 + 124. Suppose 0*z + r = 5*z. What is the remainder when z is divided by n?
8
Let s(t) = -40*t + 255. Suppose h + 3*z - 114 = 0, -4*h - 3*z + 447 = -0*h. Let d = h - 67. Calculate the remainder when d is divided by s(6).
14
Suppose -9*h - 565 = -943. Calculate the remainder when (-105)/h*(-1236)/15 is divided by 15.
11
Let w(l) = -7*l**2 + 6*l + 30. Let c be w(7). Let a = -247 - c. What is the remainder when 44 is divided by a?
20
Suppose u = 2, 651 = 2*i + 3*i + 3*u. What is the remainder when i is divided by 184/18 + (-2)/9?
9
Let n(u) = 692*u**2 + 22*u - 13. What is the remainder when n(1) is divided by 146?
117
Suppose 0 = 4*z + 52 - 72. Suppose -u = 22 - 61. Suppose -u = -z*v + 61. Calculate the remainder when 77 is divided by v.
17
Let s(r) = r**2 - 16*r + 39. Let n be s(16). Suppose -3*t - n = -5*x + 56, -2*x + 5*t + 57 = 0. What is the remainder when 157 is divided by x?
13
Let n(c) = c**3 + 46*c**2 - 321*c - 389. Calculate the remainder when 27963 is divided by n(-52).
76
Let g be (372/(-10))/(44/(-40) + 1). Let h = g + -357. What is the remainder when 69 is divided by h?
9
Let m(u) = -u**3 - 10*u**2 + 4*u + 23. Let w be m(-10). Let l = -7 + w. Let y = l + 31. What is the remainder when 41 is divided by y?
6
Suppose -6*n + n - 240 = 0. Let w = -39 - n. Calculate the remainder when w is divided by 2.
1
Suppose 24 = 3*n - 2*m, -3*m = -2*n - n + 21. Suppose -3*i + 4*l = -64, -112*i + 115*i - 57 = 3*l. What is the remainder when i is divided by n?
2
Suppose -21*i + 3*i + 1260 = -9*i. Let l = -40 + 89. Calculate the remainder when i is divided by l.
42
Suppose 8*i - 3*i = 10. Let t be (i/(-4)*-2)/1. What is the remainder when 95 is divided by t/((-213)/72 - -3)?
23
Suppose 14 - 14 = -3*h. Suppose h = -9*l + 27. Suppose l = 2*d - 17. What is the remainder when 19 is divided by d?
9
Let z = -5 + 7. Suppose z*h = -2, 0 = 5*t - 2*h + 6*h - 1. Let w = 2414 + -2413. Calculate the remainder when t is divided by w.
0
Let r be (-105 - (0 - -3))*(-6)/9. Suppose r*y - 80*y + 816 = 0. Calculate the remainder when y is divided by 61.
41
Let f(n) = -2*n - 13. Suppose -5*y - 10 = 0, 0*h - 4*h + 5*y = -18. Let z(s) = 8*s**2 - s + 1. Calculate the remainder when z(h) is divided by f(-12).
9
Let l be 10 + (6/12 - (-6)/4). Suppose 10*h = l*h + 90. Let b = h - -118. What is the remainder when b is divided by 27?
19
Let x = -1160 - -1177. Calculate the remainder when 325 is divided by x.
2
Suppose 87 = 10*d - 7*d. Let